{"id":9,"date":"2022-07-12T17:10:06","date_gmt":"2022-07-12T14:10:06","guid":{"rendered":"http:\/\/www.anninakauppi.fi\/?page_id=9"},"modified":"2024-01-06T16:43:26","modified_gmt":"2024-01-06T14:43:26","slug":"etusivu-2","status":"publish","type":"page","link":"https:\/\/www.anninakauppi.fi\/","title":{"rendered":"Koulutusta, jossa kaikilla on mukavaa!"},"content":{"rendered":"\n<p>Tarjoan koirankoulutusta Nummelan alueella sek\u00e4 kotik\u00e4yntein\u00e4 alueella Nummela, Vihti, Lohja ja p\u00e4\u00e4kaupunkiseutu. Koulutuksessa huomioidaan koiran ja omistajan yksil\u00f6lliset tarpeet ammattitaitoisesti nykyaikaisia, palkitsemiseen perustuvia koulutusmenetelmi\u00e4 hy\u00f6dynt\u00e4en. <\/p>\n","protected":false},"excerpt":{"rendered":"<p>Tarjoan koirankoulutusta Nummelan alueella sek\u00e4 kotik\u00e4yntein\u00e4 alueella Nummela, Vihti, Lohja ja p\u00e4\u00e4kaupunkiseutu. Koulutuksessa huomioidaan koiran ja omistajan yksil\u00f6lliset tarpeet ammattitaitoisesti nykyaikaisia, palkitsemiseen perustuvia koulutusmenetelmi\u00e4 hy\u00f6dynt\u00e4en.<\/p>\n","protected":false},"author":1,"featured_media":0,"parent":0,"menu_order":0,"comment_status":"closed","ping_status":"closed","template":"","meta":{"footnotes":""},"class_list":["post-9","page","type-page","status-publish","hentry"],"_links":{"self":[{"href":"https:\/\/www.anninakauppi.fi\/index.php?rest_route=\/wp\/v2\/pages\/9","targetHints":{"allow":["GET"]}}],"collection":[{"href":"https:\/\/www.anninakauppi.fi\/index.php?rest_route=\/wp\/v2\/pages"}],"about":[{"href":"https:\/\/www.anninakauppi.fi\/index.php?rest_route=\/wp\/v2\/types\/page"}],"author":[{"embeddable":true,"href":"https:\/\/www.anninakauppi.fi\/index.php?rest_route=\/wp\/v2\/users\/1"}],"replies":[{"embeddable":true,"href":"https:\/\/www.anninakauppi.fi\/index.php?rest_route=%2Fwp%2Fv2%2Fcomments&post=9"}],"version-history":[{"count":20,"href":"https:\/\/www.anninakauppi.fi\/index.php?rest_route=\/wp\/v2\/pages\/9\/revisions"}],"predecessor-version":[{"id":286,"href":"https:\/\/www.anninakauppi.fi\/index.php?rest_route=\/wp\/v2\/pages\/9\/revisions\/286"}],"wp:attachment":[{"href":"https:\/\/www.anninakauppi.fi\/index.php?rest_route=%2Fwp%2Fv2%2Fmedia&parent=9"}],"curies":[{"name":"wp","href":"https:\/\/api.w.org\/{rel}","templated":true}]}}